{"id":551,"date":"2020-05-31T21:25:14","date_gmt":"2020-05-31T21:25:14","guid":{"rendered":"https:\/\/www.ayyildizgrup.com.tr\/?page_id=551"},"modified":"2020-05-31T21:25:14","modified_gmt":"2020-05-31T21:25:14","slug":"dere-islahi","status":"publish","type":"page","link":"https:\/\/www.ayyildizgrup.com.tr\/?page_id=551","title":{"rendered":"Dere Islah\u0131"},"content":{"rendered":"\n<div class=\"wp-block-media-text alignwide has-media-on-the-right is-stacked-on-mobile\"><figure class=\"wp-block-media-text__media\"><img decoding=\"async\" loading=\"lazy\" width=\"468\" height=\"300\" src=\"https:\/\/www.ayyildizgrup.com.tr\/wp-content\/uploads\/2020\/05\/dere-islah-calismasi-ayy\u0131ld\u0131zgrup-1.jpg\" alt=\"\" class=\"wp-image-502\"\/><\/figure><div class=\"wp-block-media-text__content\">\n<p class=\"has-medium-font-size\">B\u00fcy\u00fcyen kentler yeni alanlar\u0131n kentlere dahil olmas\u0131na sebep oldu.Yeni alanlar bir tak\u0131m sorunlarda beraberinde getirdi. \u00d6zellikle dere \u0131slah\u0131 bunlar\u0131n ba\u015f\u0131nda geliyor. Derelerin \u0131slah\u0131 ve \u015fehre olas\u0131 zararlarlar\u0131n \u00f6nlenlesi amac\u0131yla m\u00fchendislik \u00e7al\u0131\u015fmalar\u0131n\u0131n yap\u0131lmas zorunludur. \u015eirketimiz bu alanda yetkin ve tam donan\u0131ml\u0131d\u0131r.<\/p>\n<\/div><\/div>\n","protected":false},"excerpt":{"rendered":"<p>B\u00fcy\u00fcyen kentler yeni alanlar\u0131n kentlere dahil olmas\u0131na sebep oldu.Yeni alanlar bir tak\u0131m sorunlarda beraberinde getirdi. \u00d6zellikle dere \u0131slah\u0131 bunlar\u0131n ba\u015f\u0131nda geliyor. Derelerin \u0131slah\u0131 ve \u015fehre olas\u0131 zararlarlar\u0131n \u00f6nlenlesi amac\u0131yla m\u00fchendislik \u00e7al\u0131\u015fmalar\u0131n\u0131n yap\u0131lmas zorunludur. \u015eirketimiz bu alanda yetkin ve tam donan\u0131ml\u0131d\u0131r.<\/p>\n","protected":false},"author":1,"featured_media":0,"parent":0,"menu_order":0,"comment_status":"closed","ping_status":"closed","template":"","meta":{"footnotes":""},"_links":{"self":[{"href":"https:\/\/www.ayyildizgrup.com.tr\/index.php?rest_route=\/wp\/v2\/pages\/551"}],"collection":[{"href":"https:\/\/www.ayyildizgrup.com.tr\/index.php?rest_route=\/wp\/v2\/pages"}],"about":[{"href":"https:\/\/www.ayyildizgrup.com.tr\/index.php?rest_route=\/wp\/v2\/types\/page"}],"author":[{"embeddable":true,"href":"https:\/\/www.ayyildizgrup.com.tr\/index.php?rest_route=\/wp\/v2\/users\/1"}],"replies":[{"embeddable":true,"href":"https:\/\/www.ayyildizgrup.com.tr\/index.php?rest_route=%2Fwp%2Fv2%2Fcomments&post=551"}],"version-history":[{"count":1,"href":"https:\/\/www.ayyildizgrup.com.tr\/index.php?rest_route=\/wp\/v2\/pages\/551\/revisions"}],"predecessor-version":[{"id":555,"href":"https:\/\/www.ayyildizgrup.com.tr\/index.php?rest_route=\/wp\/v2\/pages\/551\/revisions\/555"}],"wp:attachment":[{"href":"https:\/\/www.ayyildizgrup.com.tr\/index.php?rest_route=%2Fwp%2Fv2%2Fmedia&parent=551"}],"curies":[{"name":"wp","href":"https:\/\/api.w.org\/{rel}","templated":true}]}}